/6.
15
What is the remainder when ((-1967)/28)/(6/(-24)) is divided by 94?
93
Let j(p) = 87 + p - 93 + 2*p + p**3 - 7*p**2. Let i be j(8). Suppose -b = -5*h + 253, -2*h + 27 + i = -3*b. Calculate the remainder when h is divided by 17.
16
Let g(u) = -u**2 - u - 1. Let t(i) = -4*i**2 - 12*i - 5. Let h(b) = -3*g(b) + t(b). Suppose 29*d - 60 = 27*d. What is the remainder when d is divided by h(-6)?
14
Suppose 5*w = -3*g - 27, -2*w - 9 = 5*g - 2. Let o = -1 + w. Calculate the remainder when (o/(-2))/(3/30) is divided by 18.
17
Suppose -2*r + 78 + 320 = 0. Let x = r - 134. What is the remainder when x is divided by 23?
19
Let k = 866 - 786. Calculate the remainder when 157 is divided by k.
77
Let c(a) = 5*a + 134. Calculate the remainder when 93 is divided by c(-22).
21
Suppose 0 = -k - 2*c - 2 + 8, c - 1 = 0. Let g be 219*-1*4/(-12). Suppose g = k*u - 103. What is the remainder when u is divided by 9?
8
Let p = 2064 + -1956. What is the remainder when p is divided by 11?
9
Let k = 18 - 4. Suppose -f + 0*f + k = 0. Calculate the remainder when 22 is divided by f.
8
Let z be -1 - -30*4/(-3). Let x = 69 + z. Calculate the remainder when 110 is divided by x.
26
Let w = -41 + 66. Suppose 3*k + c - 179 = 0, -6*c + c = -w. Calculate the remainder when k is divided by 15.
13
Suppose -5*d + 3 = -57. Suppose 2*q - 360 = 5*t, -4*t + 5*q = -9*t - 395. Let r = t - -145. Calculate the remainder when r is divided by d.
11
Suppose -5*a + 294 = k, a - 5*k = -2*k + 46. What is the remainder when 403 is divided by a?
55
Let u(g) = g**2 - g - 3. Let a be u(3). Suppose -a*y = -0*y. Suppose 3*q + 2*k - 99 = -y*k, -4*q - 2*k = -130. What is the remainder when q is divided by 16?
15
Calculate the remainder when 3191 is divided by 10 + -492*1/(-4).
132
Let b(i) = -1 + 2 - i + 1 + 0. Calculate the remainder when 6/27 - (-480)/27 is divided by b(-3).
3
Let j(r) = 6*r + 142. Calculate the remainder when j(32) is divided by 56.
54
What is the remainder when 84 is divided by (-1 + (-42)/(-15))/(6/80)?
12
Suppose 710 = 4*b - 14*m + 12*m, m - 535 = -3*b. What is the remainder when b is divided by 36?
34
Let u = -108 - -136. What is the remainder when 62 is divided by u?
6
Let r = 12 - -20. Let o = 56 - r. What is the remainder when 191 is divided by o?
23
Suppose 0 = 5*x + 91 - 1. Calculate the remainder when 13/(1*(-2)/(-4)) is divided by (-128)/(-9) + 4/x.
12
Let j be (-2 + 0 + 0)*18/(-4). Suppose 33 = -4*m - 5*v + 76, -m = 3*v - j. Calculate the remainder when 20 is divided by m.
8
Let k(b) = 5*b**2 - 14*b - 3. Calculate the remainder when k(-3) is divided by 44.
40
Let j be (146 - 1)*(-2)/(-10). Let x = 30 - j. Calculate the remainder when 5 is divided by x.
0
Let p(w) = -w**3 - w**2 + 4*w + 5. Calculate the remainder when 152 is divided by p(-3).
9
Let x = -338 + 455. Calculate the remainder when x is divided by 4.
1
Let q be (-10 + 9)/(2/34). Let w = 58 + q. Let j = -26 - -48. Calculate the remainder when w is divided by j.
19
Suppose -v - 2*v + f + 582 = 0, 5*v = -3*f + 970. Suppose 4*r + 3*p - 7*p = 248, 3*r + p - v = 0. Let g = 99 - r. What is the remainder when g is divided by 10?
5
Let a = 195 - 160. Calculate the remainder when 139 is divided by a.
34
Suppose -9*w + 50 = -7*w. Let s(k) = 2*k + 30. What is the remainder when s(9) is divided by w?
23
Let p(r) = 2*r**3 - r**2 - 2*r. Let i be p(2). Suppose -4*z = -i*z + 40. Suppose z = -4*v - 2, 5*v + 42 = d. What is the remainder when 80 is divided by d?
26
Let f(g) = -14*g**3 + g**2 - g - 2. Let l = -3 - -1. Let t be f(l). Suppose -w = -5*w + t. Calculate the remainder when 114 is divided by w.
27
Let w(z) = -5*z**3 + 2*z**2 + z. Suppose 4*h = -53 + 49. What is the remainder when w(h) is divided by 3?
0
Suppose 2*y + 5*c + 84 = 3*y, -y + 92 = -3*c. What is the remainder when y is divided by 31?
11
Suppose -t + 31 = 11. Let j(h) = 5*h**3 - h - 1. Let k = 4 + -2. What is the remainder when j(k) is divided by t?
17
Suppose 24*b = 124943 - 32807. What is the remainder when b is divided by 48?
47
Let s = -20 - -29. Let y = -9 + -50. Let b = y + 85. What is the remainder when b is divided by s?
8
Let g(f) = -f**3 + 7*f**2 - 4*f + 7. Let d(b) = b**3 + 5*b**2 - b. Let q be d(-5). Suppose 5*s - 130 = -8*s. Calculate the remainder when g(q) is divided by s.
7
Suppose -65*w + 4*w = -6283. Calculate the remainder when 377 is divided by w.
68
Let c = 223 + 10. Calculate the remainder when c is divided by 26.
25
Let o(v) = -2*v**2 + 34*v + 109. What is the remainder when o(18) is divided by 19?
16
Suppose 5*k - 9 = 6. Suppose 2*u - 20 = 4*l - 74, l - 81 = k*u. Calculate the remainder when 1 + (-9)/(u/120) is divided by 14.
13
Suppose -72*o = -31340 + 6932. What is the remainder when o is divided by 55?
9
Suppose 0 = 4*s + 3*i - 509, 383 - 1018 = -5*s - 4*i. Suppose -4*l = -2*x - 3*x + 128, -5*x = -3*l - s. Calculate the remainder when x is divided by 6.
4
Suppose 5*n - 666 = -611. Calculate the remainder when 153 is divided by n.
10
Suppose 3*h - 5*g = 20, -2*g = 3*h + 4 - 17. Suppose -6*m + 85 = -h. What is the remainder when 25 is divided by m?
10
Let u(x) = -x + 14. Suppose -4*q - 16 = 0, -3*k + 3*q = -q - 22. Suppose -5*z = -w + 42, -w - k*z + 58 = 2*w. What is the remainder when w is divided by u(6)?
6
Let t(p) be the second derivative of 0 - p**2 + 1/6*p**3 - 5*p. Calculate the remainder when 37 is divided by t(10).
5
Suppose 1443 = -9*p + 48*p. What is the remainder when 292 is divided by p?
33
Suppose 3*t - 69 = -0*t + 5*d, -3*t + 66 = -4*d. Suppose 0 = 25*l - 2959 + 384. Calculate the remainder when l is divided by t.
13
Let y(s) = s**3 + 2*s**2 - 6*s + 3. Let q be y(2). Suppose 27 = q*r - 22. Let k = -2 - -4. Calculate the remainder when r is divided by k.
1
Suppose o = -5*x + 20, -4*o + 2*x + 6 = -3*o. What is the remainder when 46 is divided by o?
6
Let r(s) = -3 - s**2 - 8*s**3 + 9*s**3 - 5*s + 10*s. What is the remainder when r(4) is divided by 23?
19
Suppose -23 = -w + 9. Suppose -5*r + 18 - 78 = 0. Let j(o) = o**3 + 12*o**2 - 5*o + 1. What is the remainder when j(r) is divided by w?
29
Let m be (-2)/(8/(-12)) - -3. Let f be ((-90)/(-12))/(m/20). Let p = 35 - f. What is the remainder when 48 is divided by p?
8
What is the remainder when 150 + (0 - 16)/(-8) is divided by 27?
17
Suppose 11 = 5*t - 549. Calculate the remainder when t is divided by 32.
16
Let l(v) = v**2 + 12*v - 9. Let j(u) = -2*u**2 - 25*u + 18. Let g(w) = 4*j(w) + 9*l(w). Let n = 9 + -5. Calculate the remainder when g(n) is divided by 20.
19
Suppose g - 35 = 3*j, -38*g + 41*g + j - 155 = 0. Calculate the remainder when g is divided by 76/6 - 1/(-3).
11
Suppose 4*n - 248 = 4*k, 5*n - 310 = 2*k - 5*k. Calculate the remainder when n is divided by 7.
6
Let s = 1246 - 865. Calculate the remainder when s is divided by 12.
9
Suppose 15938 = 5*v + 21*v. Calculate the remainder when v is divided by 77.
74
Suppose -6*o + 129 + 39 = 0. Suppose -2*y - 2*y = -436. What is the remainder when y is divided by o?
25
Let b(h) = h + 29. Calculate the remainder when 107 is divided by b(-5).
11
Suppose 2*u + 10 = 0, 3*u + 9 = -6*z + 5*z. Calculate the remainder when (-52)/(-2)*1 + 2 is divided by z.
4
Let i(a) = 5*a + 15. Let m be 7 + (1 - 3) + (1 - 3). Let c(o) = -o**3 - 5*o**2 - 2*o + 1. Calculate the remainder when i(m) is divided by c(-5).
8
Let f(s) = -s**3 + 3*s**2 - s + 4. Let a be f(3). What is the remainder when (-7)/(21/(-153))*a is divided by 18?
15
Let q = -247 + 295. Calculate the remainder when 191 is divided by q.
47
Let v(q) = -7*q - 90. Calculate the remainder when 113 is divided by v(-17).
26
Suppose d + 800 = 21*d. What is the remainder when d is divided by 14?
12
Suppose 4*m + 211 = 3*y, -y - 4*m + 3*m + 68 = 0. Calculate the remainder when y is divided by 8.
5
Suppose f + 4*j = 3*j - 3, -5*f = 4*j + 13. Calculate the remainder when ((-9)/(-6))/(f/(-50)) is divided by 19.
18
Let h(q) = -7*q + 11. Let m be h(12). Let i = -44 - m. What is the remainder when 2*1 + 6 + i is divided by 8?
5
Let t(c) be the first derivative of -c**4/4 + 8*c**3/3 - 9*c**2/2 + 5*c - 8. Calculate the remainder when t(5) is divided by 4/(2*(-1)/(-9)).
17
Let w = 16 + -12. Suppose -c + w*g = 3*c - 156, 4 = -4*g. Suppose 0 = -2*p + 4*j + 22, 9*j - 4*j - 5 = 0. What is the remai